115, q - 5*c = r. What are the prime factors of q?
2, 13
Suppose -3*p + 2*p - 4*v = 127, 0 = -p - 5*v - 131. Let d = p + 189. List the prime factors of d.
2, 3, 13
Let t(w) = 415*w**2 + 218*w - 879. What are the prime factors of t(4)?
3, 11, 67
Let s = -1989 - -3047. What are the prime factors of s?
2, 23
Let s be -1 - (6/(-3) + -40). Let c = s + -25. Suppose -104 = 14*n - c*n. List the prime factors of n.
2, 13
Let m = -26 - 0. Let l be 108/m - (-2)/13. List the prime factors of (-15)/(-10) + (-6)/l.
3
Suppose 4 = 4*t - a, 2*a - 12 = -a. Let m be (9/(-6))/((-1)/t). Suppose n = -4*p - 2*n + 44, -5*p + m*n + 55 = 0. What are the prime factors of p?
11
Suppose -7*a = -13 - 8. Suppose 0*l + 114 = a*l. List the prime factors of l.
2, 19
Suppose -4*p = -5*t - 1059, 3*t + 0*t + 1069 = 4*p. List the prime factors of p.
271
Let l(s) be the first derivative of 3*s**2/2 + 2*s - 2. Let d be (-30)/(-4)*24/30. What are the prime factors of l(d)?
2, 5
Let c = 84 - 29. Suppose -5*j = -4*n - c, -3*n - 4*j - 47 = -2*j. List the prime factors of 14/5*n/(-3).
2, 7
Let x be (-176)/(-55) + (-2)/10. Suppose x*g = j - 95, -j - 11 = -2*g - 101. List the prime factors of j.
2, 5
Suppose -3*l + 17 = 5*q, q + l = 5*q. Let h be 1*(2 + 0 + q). Suppose 0 = h*t - 80 - 7. List the prime factors of t.
29
Let y be 26/(-4)*(-24)/6. Let v = -44 + y. Let s = 2 - v. What are the prime factors of s?
2, 5
Suppose 0 = 8*n - 5*n + 12. Let i be (18/n)/(3/66). Let p = -59 - i. List the prime factors of p.
2, 5
Let a(z) = -z**2 + 9*z. Let n be a(9). Suppose -4*k + d + 212 = n, 3*k + 200 = 7*k - 4*d. List the prime factors of k.
2, 3
Let q = 3 + -2. Suppose 246 = 16*c - 2810. Suppose q = -5*w + c. What are the prime factors of w?
2, 19
Let w = -169 - -169. Suppose w = -8*l - 12 + 820. What are the prime factors of l?
101
Let z = 34 - 24. Let c = 5 - z. Let u(s) = -s + 7. What are the prime factors of u(c)?
2, 3
Let k = -16 + 3. Let x = k - -33. Let l = x - 11. What are the prime factors of l?
3
Let f(v) = -5*v - 18. Let w be f(-5). Suppose -w*j = -8*j + 127. List the prime factors of j.
127
Suppose -12*s + 14076 = 11*s. List the prime factors of s.
2, 3, 17
Let w(a) = 4*a - 13. Let b be w(-6). Let y = b + 43. List the prime factors of y.
2, 3
Let m(c) = c**3 - 2*c**2 - 5*c + 19. What are the prime factors of m(9)?
541
Let w = -552 + 1312. Suppose w = 3*d + 19. List the prime factors of d.
13, 19
Let p = 49 + -38. Let r(m) = -m**2 + 12*m + 15. What are the prime factors of r(p)?
2, 13
Let x = -69 - -50. Let q = x + 88. What are the prime factors of q?
3, 23
Let i = 3281 - 1653. What are the prime factors of i?
2, 11, 37
Let c be (-2)/7 - 120/(-28). Suppose 18 = -7*l + c*l. List the prime factors of l/(-9)*243/2.
3
Let i = -133 - -133. Suppose y - 3*y + 638 = i. List the prime factors of y.
11, 29
Suppose -k = -3*k + 14. Let h(m) = -m + 9. Let l be h(k). Suppose -2*y + 3*q = l*q - 41, 2*y = -4*q + 46. What are the prime factors of y?
3, 7
Let b = -1745 - -5115. List the prime factors of b.
2, 5, 337
Let b be -6*3/(-6)*1. What are the prime factors of (-55)/(-3) + 5 - 1/b?
23
Let i(r) = 1273*r**3 - r**2 + 2*r + 2. Let c be i(-1). What are the prime factors of (-2)/8 + c/(-8) + -3?
2, 3, 13
Suppose -4*a + 12 = -3*n, -3*a + 0*n = 4*n - 9. Suppose 0 = -2*k + a*k - 86. What are the prime factors of k?
2, 43
Suppose 2*j - 28 = -2*j. Suppose -v = j*v - 656. List the prime factors of v.
2, 41
Let b = 12 - 8. Suppose 5*u + b = 4*t, -2*t - 4 + 6 = 4*u. Suppose 0 = -3*a - 5*d + 137, 4*a + 3*d - 30 - 149 = u. What are the prime factors of a?
2, 11
Let j = 72 + -69. Suppose 0 = j*y - 168 - 27. List the prime factors of y.
5, 13
Let t = -151 - -204. Suppose -3*h + 9 = -5*x + 3*x, -3*x - 3 = -h. Suppose -n = 3*u - t, h*u - n - 47 = n. What are the prime factors of u?
17
Suppose -58*v + 19571 + 15693 = 0. List the prime factors of v.
2, 19
Let l be 2/1 - (13 - 5). Let t be (l + 8)*3/2. Suppose 0 = -2*i - t*i + 15. List the prime factors of i.
3
Let a = 14 - 17. Let m = a + 31. Let p = 42 - m. List the prime factors of p.
2, 7
What are the prime factors of (-8 + -1389 + 9)*-2?
2, 347
Let d = 3990 + -2751. List the prime factors of d.
3, 7, 59
Suppose -u + 41 = 25. Suppose 2*s - 262 = -3*c - u, -s - 164 = -2*c. List the prime factors of c.
2, 41
Let g(c) = c**3 - 14*c**2 + c - 9. Let x be g(14). Let m(s) = 2*s + 5 - s + 0. List the prime factors of m(x).
2, 5
Suppose 0 = -4*k + 20 + 12. Let i be 3*(k/(-12) - 2). List the prime factors of (i + 7)/((-1)/24).
2, 3
Suppose -4*r = r. Suppose 2*b - 1 = 9, r = -s - 3*b + 15. Suppose 0 = 4*o - s*o - 36. List the prime factors of o.
3
Let f be (27/5 + -5)/((-2)/(-10)). Suppose 257 = 4*d - o, 6*o = f*o - 20. List the prime factors of d.
3, 7
Let o = -16 - -24. What are the prime factors of (70/3)/(o/12)?
5, 7
Suppose 7383 = 3*r + 3*u, -3*u + 7600 - 2680 = 2*r. What are the prime factors of r?
3, 821
Suppose -4*c + 19 - 86 = -3*a, -3*a = 4*c - 59. List the prime factors of ((-12)/a)/((-4)/154).
2, 11
Suppose -2*b + 58 = 3*x + x, 2*x - 38 = -4*b. Suppose x*o = 9*o + 188. List the prime factors of o.
47
Suppose -3*a - 17 - 13 = 0. Let y(s) = -s**3 - 9*s**2 + 9*s - 2. Let i be y(a). Let x(o) = o + 3. List the prime factors of x(i).
11
Suppose -c - 5*x = -73, 2*x = 4*x - 6. Suppose 0 = -c*d + 56*d + 648. What are the prime factors of d?
2, 3
Let k = -59 + 234. Suppose -6*h = -h - k. What are the prime factors of h?
5, 7
Let g(d) = 247*d**2 + 57*d. List the prime factors of g(-4).
2, 7, 19
Let g(v) be the third derivative of v**6/120 - v**5/5 + 11*v**3/3 + 13*v**2. Let t = 2 - -10. What are the prime factors of g(t)?
2, 11
Let s(q) = q**3 + 17*q**2 + 3*q - 46. What are the prime factors of s(-15)?
359
Suppose -7 = -3*g + 113. Let k = g + -1. Let w = -19 + k. What are the prime factors of w?
2, 5
Let f(c) = 4*c**3 + c**2 - 4*c - 41. What are the prime factors of f(6)?
5, 167
Suppose 3*q - 16 - 5 = -3*h, 3*h = 2*q + 6. Let m(s) = 0 - 6*s + 6*s**3 + 11*s - 5*s**3 + h - 6*s**2. What are the prime factors of m(6)?
2, 17
Suppose -k = -3*m - 5 + 17, -50 = 5*k - 5*m. Let v = k + 0. Let b = v + 44. List the prime factors of b.
5, 7
Let t be -255 - 2/(-8)*-4. Let l = t + 381. What are the prime factors of l?
5
Suppose -j - 597 - 295 = -3*n, -2*j = -2*n + 600. What are the prime factors of n?
2, 37
Suppose -5*x - 9 = -3*d, -3*x + 3 = 3*d - 6. Suppose -d*k = 5*a - 36, -24 = -3*a - 2*a + 3*k. Suppose -a*n + 2*n + 52 = 0. List the prime factors of n.
13
Let p = 1417 - 731. List the prime factors of p.
2, 7
Suppose 0 = 2*c - 0*c - 234. Suppose -c = -29*p + 26*p. List the prime factors of p.
3, 13
Let w = 648 + 430. List the prime factors of w.
2, 7, 11
Let y = -23 - -24. Let s be (0 - y)*(-9 + -2). Suppose 2*n = -3*g + s, 0 = -4*n + 2*g - g + 15. List the prime factors of n.
2
Let w be ((-84)/(-36))/((-2)/(-90)). Let l = w + -44. List the prime factors of l.
61
Suppose -3*x = 4*s + s - 118, -3*x + s = -106. Let n = x + -32. Suppose n*w - 345 = g - 6*g, 345 = 5*g - 4*w. What are the prime factors of g?
3, 23
Let n(x) = x + 7. Let c be n(-6). Suppose -2*b = -3*b + c, -2*o + 284 = -4*b. Suppose 4*v - o - 80 = 0. What are the prime factors of v?
2, 7
Let g(t) = 10*t**2 + 39*t - 31. List the prime factors of g(-13).
2, 3
Let t = 383 - 69. What are the prime factors of t?
2, 157
Suppose b = -1 - 1, 0 = -2*m + 3*b + 10. Suppose 0 = -3*h - m*h + 360. What are the prime factors of h?
2, 3
Let z(p) = p**3 + 4*p**2 + p - 1. Let h be z(-4). Let d(v) = -10*v - 4. List the prime factors of d(h).
2, 23
Suppose -2*l - 2*l = -16. Let v(f) = -f + 4. Let r be v(l). Suppose 3*u = p + 21, -5*u + r*p + 35 = 3*p. List the prime factors of u.
7
Suppose 5 = 2*r + 17. Let h(t) = -t**2 + 3. Let s be h(r). What are the prime factors of 1/4 - s/12?
3
Let n(s) = -s**2 - 15*s - 2. Let h = -5 - 6. Let v be n(h). Suppose 2*j - v - 92 = 0. List the prime factors of j.
67
Let t(u) = -u**3 - 9*u**2 + 9*u + 24. Let d be t(-10). Let z = d + 33. List the prime factors of z.
67
Let r = 5520 + -3787. List the prime factors of r.
1733
Suppose 4*o + 28 = 48. Suppose 0 = -2*g - o*h + 378, 766 = -0*g + 4*g + 5*h. What are the prime factors of g?
2, 97
Suppose 0 = -5*w - 2 - 23. List the prime factors of (-958)/(-8) + 63/12 + w.